52
What is the remainder when 184189 is divided by 59?
50
What is the remainder when 3688253 is divided by 751?
92
Calculate the remainder when 106204017 is divided by 13.
10
What is the remainder when 10030972 is divided by 25?
22
What is the remainder when 25483 is divided by 1662?
553
Calculate the remainder when 8762064 is divided by 876205.
14
What is the remainder when 1010656 is divided by 3901?
297
Calculate the remainder when 12906193 is divided by 921870.
13
What is the remainder when 382753 is divided by 5458?
693
Calculate the remainder when 33452 is divided by 15527.
2398
What is the remainder when 1024428 is divided by 14?
6
Calculate the remainder when 45522456 is divided by 3167.
3165
What is the remainder when 4783114 is divided by 350?
14
What is the remainder when 119661 is divided by 766?
165
Calculate the remainder when 7316159 is divided by 80.
79
Calculate the remainder when 1550939 is divided by 55382.
243
Calculate the remainder when 3350089 is divided by 1034.
963
What is the remainder when 711738 is divided by 4506?
4296
Calculate the remainder when 10420631 is divided by 32.
23
Calculate the remainder when 478174 is divided by 4883.
4523
Calculate the remainder when 26842199 is divided by 44.
43
What is the remainder when 27897928 is divided by 2014?
0
What is the remainder when 2260623 is divided by 2260342?
281
What is the remainder when 7917024 is divided by 5278?
24
Calculate the remainder when 65665125 is divided by 12.
9
What is the remainder when 31474 is divided by 30673?
801
Calculate the remainder when 13844721 is divided by 80.
1
Calculate the remainder when 137232 is divided by 13717.
62
Calculate the remainder when 20650257 is divided by 971.
0
Calculate the remainder when 19154 is divided by 1717.
267
Calculate the remainder when 1241012 is divided by 124099.
22
What is the remainder when 6093 is divided by 1385?
553
What is the remainder when 2006619 is divided by 82?
79
What is the remainder when 2156408 is divided by 4099?
334
What is the remainder when 11211 is divided by 1147?
888
What is the remainder when 26796 is divided by 24077?
2719
What is the remainder when 265520 is divided by 93?
5
What is the remainder when 15732418 is divided by 5244127?
37
Calculate the remainder when 6549548 is divided by 1637370.
68
What is the remainder when 73982218 is divided by 14444?
50
Calculate the remainder when 62170751 is divided by 16.
15
What is the remainder when 20267 is divided by 4776?
1163
What is the remainder when 17147301 is divided by 467?
462
Calculate the remainder when 156166 is divided by 344.
334
Calculate the remainder when 23181 is divided by 2099.
92
Calculate the remainder when 704200 is divided by 140840.
0
What is the remainder when 13972379 is divided by 1286?
1275
What is the remainder when 2293849 is divided by 32?
25
Calculate the remainder when 61002 is divided by 58048.
2954
Calculate the remainder when 4728328 is divided by 2364162.
4
Calculate the remainder when 1707199 is divided by 261.
259
What is the remainder when 1192606 is divided by 3427?
10
What is the remainder when 3867 is divided by 3158?
709
What is the remainder when 9860102 is divided by 1665?
1637
What is the remainder when 35824 is divided by 2707?
633
Calculate the remainder when 20928568 is divided by 563.
169
Calculate the remainder when 6550 is divided by 5050.
1500
Calculate the remainder when 1675337 is divided by 397.
394
What is the remainder when 638224 is divided by 636773?
1451
Calculate the remainder when 1418328 is divided by 22161.
24
Calculate the remainder when 7655144 is divided by 956893.
0
What is the remainder when 110593 is divided by 2184?
1393
What is the remainder when 80452 is divided by 11479?
99
What is the remainder when 132030817 is divided by 231?
226
What is the remainder when 7889124 is divided by 41741?
75
Calculate the remainder when 60052339 is divided by 7.
4
What is the remainder when 173375835 is divided by 228728?
11
Calculate the remainder when 36250 is divided by 7250.
0
Calculate the remainder when 20412 is divided by 169.
132
Calculate the remainder when 1428902 is divided by 26960.
22
Calculate the remainder when 9139076 is divided by 13.
11
Calculate the remainder when 39986453 is divided by 21475.
3
Calculate the remainder when 66429 is divided by 4151.
13
Calculate the remainder when 51254404 is divided by 3203.
3201
What is the remainder when 11576652 is divided by 435?
432
What is the remainder when 14993 is divided by 1976?
1161
What is the remainder when 2446634 is divided by 310?
114
Calculate the remainder when 6471541 is divided by 5508.
5149
What is the remainder when 1266365 is divided by 14070?
65
Calculate the remainder when 69735 is divided by 69708.
27
Calculate the remainder when 6580980 is divided by 5521.
5469
What is the remainder when 3236337 is divided by 333?
243
Calculate the remainder when 127125 is divided by 3584.
1685
What is the remainder when 21457633 is divided by 75822?
7
Calculate the remainder when 229707 is divided by 2610.
27
What is the remainder when 12413048 is divided by 258605?
8
What is the remainder when 995226 is divided by 82?
74
What is the remainder when 31748 is divided by 1489?
479
Calculate the remainder when 44281222 is divided by 7993.
2
What is the remainder when 3515113 is divided by 9302?
8259
Calculate the remainder when 747501 is divided by 83.
3
What is the remainder when 4166028 is divided by 2813?
2788
What is the remainder when 6532515 is divided by 394?
389
Calculate the remainder when 2398879 is divided by 258.
253
Calculate the remainder when 4000784 is divided by 4000568.
216
Calculate the remainder when 34589380 is divided by 180153.
4
What is the remainder when 453467986 is divided by 3258?
3256
What is the remainder when 49410 is divided by 24694?
22
What is the remainder when 456344 is divided by 37?
23
What is the remainder when 12034964 is divided by 214910?
4
What is the remainder when 2443127 is divided by 8?
7
Calculate the remainder when 472093 is divided by 2651.
215
Calculate the remainder when 3106539 is divided by 65.
59
What is the remainder when 6415542 is divided by 8?
6
Calculate the remainder when 3905368 is divided by 3905362.
6
Calculate the remainder when 480693 is divided by 567.
444
What is the remainder when 30963217 is divided by 418?
285
Calculate the remainder when 1906885 is divided by 354.
241
Calculate the remainder when 159399 is divided by 292.
259
Calculate the remainder when 89413 is divided by 89171.
242
What is the remainder when 1804245 is divided by 329?
9
Calculate the remainder when 156209 is divided by 1212.
1073
What is the remainder when 35961 is divided by 7184?
41
Calculate the remainder when 46347 is divided by 1166.
873
What is the remainder when 2252733 is divided by 316?
285
Calculate the remainder when 490697098 is divided by 5900.
5898
What is the remainder when 1656087 is divided by 828038?
11
Calculate the remainder when 37224512 is divided by 23.
1
Calculate the remainder when 2504304 is divided by 4612.
4600
Calculate the remainder when 47302 is divided by 4576.
1542
Calculate the remainder when 5241166 is divided by 34941.
16
Calculate the remainder when 25138 is divided by 24242.
896
Calculate the remainder when 32038645 is divided by 203.
170
What is the remainder when 49263712 is divided by 81?
79
Calculate the remainder when 35018531 is divided by 715.
691
What is the remainder when 8914 is divided by 573?
319
What is the remainder when 9234107 is divided by 1539017?
5
Calculate the remainder when 2995987 is divided by 378.
337
What is the remainder when 1406584 is divided by 23443?
4
Calculate the remainder when 181273 is divided by 20135.
58
Calculate the remainder when 1509815 is divided by 1486.
39
What is the remainder when 190770 is divided by 38?
10
Calculate the remainder when 2220495 is divided by 596.
395
What is the remainder when 7654610 is divided by 170102?
20
What is the remainder when 2929211 is divided by 447?
20
What is the remainder when 36348 is divided by 11460?
1968
Calculate the remainder when 3733439 is divided by 31.
16
What is the remainder when 66219 is divided by 1572?
195
Calculate the remainder when 219413 is